et j = -342 - v. Is j a prime number?
False
Let h(a) = -16*a + 43. Let q(d) = -8*d + 22. Let t(l) = 4*h(l) - 9*q(l). Let y be t(3). Let z(r) = -1719*r - 7. Is z(y) composite?
True
Let r = 306786 + -72103. Is r composite?
False
Suppose -3751 = 3*w + 2*d, -2*w - 6249 = 3*w + 2*d. Let a = w - -891. Let p = a - -665. Is p prime?
True
Let f = -344 + 347. Suppose -f*v - 3576 = 2*r - 5*r, -4*r + 4771 = -5*v. Is r a composite number?
True
Let u be 2/(-28)*-6 + 177/(-413). Suppose u = -4*b + y + 35594, 2*b - 5*y + 44505 = 7*b. Is b a prime number?
False
Let b(c) = -7690*c - 6897. Is b(-47) a prime number?
True
Let c be (6 - (-111)/(-4))/(1/(-688)). Let f = c + -10261. Is f composite?
False
Let o = 53573 - 37324. Is o composite?
False
Let w(z) = -z**2 - 11*z + 5. Let g be w(-7). Suppose -g - 2 = -5*q. Let n(o) = 3*o**2 - 2*o + 8. Is n(q) prime?
False
Suppose -99*y + 82*y = -51. Suppose -17*j + 16*j + 5510 = -y*a, 3*a - 27604 = -5*j. Is j a composite number?
False
Suppose -5*b = -5*j - 30929 + 95069, 0 = -3*j + 4*b + 38488. Let n = -7352 + j. Suppose 0 = -w + 4*c + 1869, -3*w + n + 83 = c. Is w a prime number?
False
Suppose p + q + 4*q = 3166, 0 = 4*q - 4. Let s = p + 1542. Is s prime?
True
Let t = 0 - 8. Let z = 5 - t. Suppose 14*l - 77 = z*l. Is l composite?
True
Let v = -495265 + 878724. Is v a prime number?
True
Let t = 512 - 521. Let c(a) = 186*a**2 + 2*a + 31. Is c(t) composite?
True
Suppose -7*o + 106 + 34 = 0. Let j(h) = 4*h + o + 12 - h**3 + 10*h**2 - 36. Is j(5) composite?
True
Let b(a) = -4*a - 67. Let n be b(-18). Suppose 0 = -3*p - n*v + 20517, 4*p - 35885 = 2*v - 8529. Is p a prime number?
False
Let f(g) = 20*g**3 - 2*g**2 - 3. Let v(a) = 2*a - 22. Suppose l = 2*s + 8, -40 - 16 = -5*l + 2*s. Let t be v(l). Is f(t) composite?
False
Let i = -823526 - -1558437. Is i a prime number?
True
Suppose 3*g - 3*p = 12, 2*p - 7*p = 2*g - 15. Suppose 5*f + g = 0, -h + f + 355 = h. Suppose -h = 2*n - 5*n. Is n prime?
True
Let j(k) = -7*k**2 - 69*k + 736. Let f be j(8). Suppose 0 = 2*c - 110 - 24. Let y = c - f. Is y a composite number?
False
Suppose 0*r = r - 7. Let p(t) = -15*t**2 - 185*t + 71. Let k(a) = -7*a**2 - 87*a + 35. Let y(m) = -13*k(m) + 6*p(m). Is y(r) composite?
False
Let a be -2006*((-10)/4 - -4) - 4. Let m = -1236 - a. Is m composite?
False
Let i(d) = -d**2 + 18*d - 9. Let b be i(8). Let z = b + 308. Suppose 3*q + z = 2*r, 3*r - 574 = -0*q - q. Is r prime?
True
Let m be (-10 + 12)/(4/1922 - 0). Is (m/3)/(-1 + 28/21) a composite number?
True
Let s(y) = -22*y - 21. Suppose -2*u + 3*m - 9 = -u, 0 = 5*u - 2*m - 7. Let l be (0 - (-40)/(-6))*u. Is s(l) a composite number?
False
Let c(b) = 37*b**2 + 4*b - 5. Let k be c(1). Suppose -k = 2*x + 160. Let a = -3 - x. Is a a composite number?
True
Suppose 0 = 2*t - 2*r - 6, -t - 2 = -2*r - 4. Suppose 0 = t*z - 15228 + 3152. Is z a composite number?
False
Suppose 3*p = 7*p - j - 16200, -2*j + 4041 = p. Suppose 36*i = 37*i - p. Is i prime?
True
Suppose 5 + 5 = 2*q. Suppose -q*v + v = 5772. Let a = 4832 + v. Is a prime?
True
Let y(c) = -527*c - 315. Is y(-8) a prime number?
False
Let j(z) be the first derivative of z**4/4 + z**3 - 3*z**2/2 + 4*z + 11. Let d be j(-4). Is (2676/9 + d)*6/4 prime?
False
Suppose 0*c = 3*a + c - 10, 0 = -a - 2*c + 10. Suppose 0 = -o - 0*o. Suppose -5*z + 4*s + 0*s + 2613 = o, -2*s = a*z - 1038. Is z a prime number?
True
Let s = 4199 - 6029. Is (s + -2)/(-1) - (-18)/(-6) composite?
True
Suppose 1915 - 24659 = -4*z. Suppose 22*k = 20*k + z. Is k composite?
False
Let a be (-13 + 2/2)*76/(-114). Suppose -59154 - 64262 = -a*r. Is r a composite number?
False
Let d(x) = -314*x + 1 - 239*x - 4. Let b(y) = -44*y + 218. Let w be b(5). Is d(w) composite?
False
Suppose -45 + 53 = 4*c. Suppose 11232 = c*n + 2*n. Is (18 + 2)/4 + n a prime number?
False
Suppose 0 = -3*k - 3*s - 8724, -3*k + s = -0*k + 8708. Let o = k - -4287. Suppose 13 - o = -2*x. Is x composite?
True
Suppose 5368 = 3*a - 25112. Let j = a + 1894. Is j/48 + (-1)/8 prime?
True
Suppose 1450*d = 1446*d + 168. Is 247524/d + 9/(-21) a prime number?
False
Let x be ((10020 + -2)/(-2)*-1)/1. Suppose 0 = 5*p - 6*q + q - 6255, -4*p + 3*q + x = 0. Let g = -327 + p. Is g prime?
True
Let r be (-5)/4 - (-698894)/56. Let s = 31266 - r. Is s prime?
True
Suppose 15*y - 460111 = 3*y + 11*y. Is y a composite number?
False
Suppose 8440 = -4*x + m + 325987, 0 = -3*m - 21. Is x composite?
True
Let k(p) = 4293*p**2 - 38*p + 34. Is k(-3) a prime number?
False
Let d(p) = 585*p**2 + 98*p - 607. Is d(6) composite?
True
Suppose -3*m + 7*m = -3*x + 28, 4*m + 20 = x. Let f(h) = -138*h - 49. Let l(p) = -p. Let q(n) = -f(n) - 3*l(n). Is q(x) composite?
False
Let s be 7 + 0*1/(-3). Let f(j) = 31 + s - 81*j - 3. Is f(-8) prime?
True
Let s be 75/11 - (-1 + (-36)/(-44)). Suppose -17*m + 125570 = -s*m. Is m prime?
False
Let s(c) be the first derivative of -11*c - 1/3*c**3 + 9 + c**2 + 2*c**4. Is s(6) composite?
False
Suppose -1588936 + 530286 = -6*w + 842552. Is w composite?
True
Let g(t) = -90512*t + 2771. Is g(-6) a prime number?
True
Suppose 1591782 = 11*r + 103*r. Is r prime?
True
Let b = 13890 + -6226. Let v = 11991 - b. Is v composite?
False
Suppose -5 = z + 2. Let q = z + -244. Is 1*q/(1 + -2) a prime number?
True
Suppose 5*f - 204660 - 70430 = -u, 0 = -f + u + 55018. Is f a composite number?
True
Is (-10)/(-2) + 12108900/(-120)*(-48)/10 composite?
False
Let o = 89 + -80. Let n be 112/10 - (-9)/(-45). Suppose 0 = -n*w + o*w + 130. Is w a composite number?
True
Suppose 28*w - 27*w = 3668. Suppose -5*r - 2*g + 1354 + 741 = 0, 427 = r + 2*g. Suppose -r = t - w. Is t a prime number?
True
Let p = -630 - -1433. Suppose -2*o + p = m, -5*o = -10*o - 5*m + 2005. Suppose o - 33 = 3*d. Is d prime?
False
Let m = -442266 + 712457. Is m a composite number?
False
Let g = 911 + -903. Suppose -5*i - f - 25037 = -g*i, -4*f = -5*i + 41719. Is i a prime number?
False
Is -4 + 9 - 1/(6/(-1055676)) a composite number?
True
Let u be -1*4*(-14)/8. Let y(b) = -4 - 5 + 1 + 47*b - 32*b + 16*b**2 - 4. Is y(u) a composite number?
False
Suppose -q = 5*f - 1011 - 1211, -8 = -4*q. Let k = -37 + f. Is k prime?
False
Let n(r) = -100*r**3 + 4*r**2 + 47*r + 2. Is n(-11) a composite number?
False
Let w(x) = 15*x**2 + 328*x - 90. Is w(-83) a prime number?
False
Suppose -5*p - 48 = -4*x, 5*p = 5*x - 0 - 55. Suppose -12*r = -x*r - 6750. Let j = -647 + r. Is j prime?
False
Let y be 1/6 + 73/(-6). Let b be (-3)/(-9) + 364/y. Is b/285 - 1579/(-19) a composite number?
False
Is (-20)/(-6)*12/16 + 191013/2 a composite number?
True
Let c = 556 - 554. Suppose -c*i + 3007 = -x + 764, 0 = -3*x - 15. Is i prime?
False
Let v(o) = 460*o**2 - 6*o - 31. Is v(15) a composite number?
True
Suppose 46 = 18*w - 296. Suppose 4807 = 4*f + w*f. Is f a prime number?
False
Let z(w) = 4*w**3 + 10*w**2 + 8*w + 7. Let q be z(-6). Suppose 2*s = -s - 5*h - 2330, 5*s + 3894 = -3*h. Let v = q - s. Is v a prime number?
False
Let a be 4/(-1)*1*27345/(-20). Is (6*(-2)/18)/((-2)/a) composite?
False
Suppose 0*k - s = -3*k + 13, -3*k = 2*s - 19. Suppose 0 = -0*i + k*i - 75. Suppose 0 = -i*u + 14*u + 67. Is u composite?
False
Is 5/(-30) - 4692036/(-72) prime?
True
Let n(l) be the first derivative of -2*l + 10 - l**4 + 3/2*l**2 + 0*l**3. Is n(-3) a composite number?
False
Is (-705327750)/(-930) + 26/403 a prime number?
False
Let s be 1110*(-4 - -5)*8/4. Suppose -2270 = -y + 19*h - 24*h, y - 5*h - s = 0. Is y a prime number?
False
Let f(b) = 5706*b - 6. Let y be f(-5). Let k = 42701 + y. Is k prime?
False
Let h(j) = 97*j**3 - 3*j**2 - 48*j**3 - 85*j**3 + 8*j**2 + 3*j - 4. Is h(-6) a composite number?
True
Let u(m) = -2*m**3 + m**2 + 2*m + 2. Let t be u(-1). Let c be -1 + (4 - 0) - t. Suppose -3*i + 2*i + 329 = c. Is i prime?
False
Is 8211385/273*33/5 a prime number?
False
Let h(j) be the second derivative of 7*j**6/30 - 23*j**5/120 - 7*j**4/6 + 11*j. Let d(v) be the third derivative of h(v). Is d(10) prime?
True
Let c = -30089 - -64144. Let w = c - 19042. Is w a prime number?
True
Let i(n) = 4*n + 24. Let o be i(-7). Is 10/(50/5385) - o/(-1) composite?
True
Suppose 4*a - 39*p + 35*p = 209440, -4*p - 104718 = -2*a. Is a a composite number?
False
Let u be (-13454)/(-5) - (3 + 9)/(-60). Suppose 5*r - 2*g - 8375 + u = 0, r = -2*g + 114